onvert -6 (base 14) to base 11.
-6
Convert 20 (base 4) to base 11.
8
What is -11 (base 11) in base 4?
-30
69 (base 10) to base 8
105
Convert 0 (base 16) to base 6.
0
Convert -10 (base 2) to base 9.
-2
-2121 (base 3) to base 5
-240
Convert 23 (base 15) to base 8.
41
Convert -14 (base 12) to base 2.
-10000
20020 (base 3) to base 9
206
Convert -110 (base 7) to base 11.
-51
What is 102 (base 4) in base 13?
15
1301 (base 5) to base 15
d6
5 (base 8) to base 4
11
Convert 3 (base 4) to base 11.
3
What is -101 (base 3) in base 11?
-a
Convert 85 (base 13) to base 7.
214
-2 (base 13) to base 4
-2
What is 3 (base 12) in base 16?
3
Convert -37 (base 8) to base 7.
-43
1 (base 6) to base 15
1
-4 (base 10) to base 7
-4
-9 (base 14) to base 15
-9
1103 (base 5) to base 16
99
What is 1 (base 10) in base 12?
1
What is -10 (base 4) in base 6?
-4
Convert 44 (base 16) to base 5.
233
What is 204 (base 5) in base 10?
54
-6 (base 11) to base 14
-6
What is 126 (base 7) in base 4?
1011
Convert 5 (base 10) to base 5.
10
-84 (base 11) to base 12
-78
Convert 10 (base 12) to base 7.
15
What is -1 (base 7) in base 9?
-1
What is 144 (base 6) in base 2?
1000000
Convert 264 (base 7) to base 13.
b1
Convert -12 (base 6) to base 8.
-10
1 (base 12) to base 8
1
10000 (base 3) to base 9
100
Convert -41 (base 5) to base 10.
-21
What is -20 (base 3) in base 10?
-6
Convert -8 (base 15) to base 7.
-11
What is 25 (base 8) in base 4?
111
Convert 5 (base 15) to base 12.
5
Convert -11 (base 2) to base 5.
-3
Convert 12c (base 13) to base 6.
543
-10210 (base 3) to base 4
-1212
What is -1 (base 12) in base 10?
-1
11010 (base 2) to base 16
1a
Convert -5 (base 6) to base 8.
-5
Convert -24 (base 13) to base 9.
-33
What is b3 (base 12) in base 9?
160
-9 (base 12) to base 7
-12
17 (base 9) to base 15
11
6 (base 13) to base 15
6
-10 (base 15) to base 16
-f
Convert 6 (base 12) to base 7.
6
Convert 7a (base 13) to base 10.
101
What is 33 (base 9) in base 5?
110
Convert 5 (base 13) to base 8.
5
Convert -89 (base 10) to base 14.
-65
What is -1101 (base 2) in base 8?
-15
What is -4 (base 10) in base 14?
-4
What is -15 (base 11) in base 14?
-12
-13 (base 6) to base 11
-9
Convert -2 (base 6) to base 11.
-2
What is -2202 (base 3) in base 16?
-4a
3 (base 16) to base 9
3
281 (base 12) to base 6
1441
-76 (base 10) to base 6
-204
Convert -20 (base 7) to base 8.
-16
What is -3 (base 15) in base 3?
-10
-24 (base 5) to base 7
-20
5 (base 13) to base 16
5
What is b (base 12) in base 5?
21
Convert 10000010 (base 2) to base 5.
1010
Convert -79 (base 14) to base 9.
-128
Convert 36 (base 16) to base 10.
54
Convert -2 (base 15) to base 12.
-2
What is -10 (base 5) in base 15?
-5
-25 (base 6) to base 7
-23
1 (base 14) to base 7
1
What is 10 (base 2) in base 10?
2
1332 (base 4) to base 9
150
Convert -10001 (base 2) to base 9.
-18
6 (base 9) to base 13
6
Convert 3 (base 16) to base 14.
3
What is -1100 (base 4) in base 2?
-1010000
What is 3 (base 5) in base 10?
3
What is -1233 (base 5) in base 4?
-3001
What is 10 (base 2) in base 13?
2
What is -6 (base 11) in base 15?
-6
-135 (base 10) to base 9
-160
6a (base 12) to base 11
75
What is -3 (base 10) in base 14?
-3
What is 356 (base 7) in base 2?
10111100
What is -12 (base 8) in base 6?
-14
Convert -121 (base 5) to base 12.
-30
62 (base 7) to base 4
230
Convert 2 (base 11) to base 10.
2
110011011 (base 2) to base 13
258
0 (base 15) to base 8
0
5 (base 10) to base 8
5
What is 4 (base 14) in base 2?
100
What is -10000 (base 3) in base 9?
-100
Convert 0 (base 11) to base 9.
0
Convert 7 (base 14) to base 6.
11
Convert -1 (base 16) to base 2.
-1
-5f (base 16) to base 13
-74
What is a9 (base 13) in base 11?
117
What is -144 (base 8) in base 12?
-84
-4 (base 10) to base 9
-4
-4 (base 16) to base 5
-4
Convert -32 (base 4) to base 3.
-112
What is 320 (base 8) in base 12?
154
102 (base 3) to base 12
b
1 (base 6) to base 5
1
-2 (base 11) to base 4
-2
Convert -110 (base 2) to base 5.
-11
100102 (base 3) to base 7
512
-196 (base 10) to base 14
-100
Convert -3 (base 15) to base 13.
-3
What is -11010001 (base 2) in base 15?
-de
-13 (base 7) to base 2
-1010
-10202 (base 3) to base 12
-85
Convert 2 (base 10) to base 9.
2
What is -1c (base 13) in base 3?
-221
Convert -310 (base 4) to base 16.
-34
What is 322 (base 4) in base 13?
46
Convert 1b (base 16) to base 12.
23
11 (base 14) to base 13
12
1130 (base 4) to base 9
112
-25 (base 16) to base 10
-37
What is -3 (base 10) in base 7?
-3
Convert 24 (base 9) to base 8.
26
50 (base 6) to base 7
42
What is 10 (base 13) in base 11?
12
-2 (base 12) to base 7
-2
Convert 62 (base 7) to base 6.
112
3 (base 6) to base 12
3
Convert 47 (base 11) to base 15.
36
What is 2 (base 3) in base 11?
2
-f (base 16) to base 5
-30
Convert 8b (base 12) to base 8.
153
What is 1c (base 14) in base 6?
42
What is -18 (base 12) in base 2?
-10100
3 (base 9) to base 12
3
What is 101 (base 10) in base 12?
85
-4 (base 10) to base 2
-100
Convert -13 (base 4) to base 3.
-21
6 (base 7) to base 16
6
Convert -15 (base 12) to base 10.
-17
Convert 0 (base 8) to base 14.
0
Convert -101011 (base 2) to base 14.
-31
What is -33 (base 11) in base 10?
-36
What is 122 (base 4) in base 13?
20
-b (base 14) to base 13
-b
Convert -6 (base 16) to base 7.
-6
Convert -14 (base 11) to base 10.
-15
60 (base 15) to base 11
82
What is -10 (base 3) in base 4?
-3
What is 8 (base 16) in base 7?
11
-14b (base 14) to base 6
-1115
-2 (base 16) to base 12
-2
What is 20 (base 10) in base 2?
10100
What is 0 (base 12) in base 5?
0
-5 (base 6) to base 13
-5
Convert 35 (base 9) to base 5.
112
What is 0 (base 13) in base 2?
0
What is -8 (base 11) in base 8?
-10
What is -184 (base 9) in base 8?
-235
Convert 1 (base 5) to base 8.
1
What is -1 (base 16) in base 12?
-1
Convert -10 (base 13) to base 7.
-16
What is 3 (base 6) in base 7?
3
What is -11001 (base 3) in base 2?
-1101101
-6a (base 12) to base 16
-52
-47 (base 12) to base 14
-3d
80 (base 9) to base 7
132
Convert 11 (base 2) to base 6.
3
What is 0 (base 10) in base 12?
0
What is -1 (base 7) in base 5?
-1
What is 3 (base 16) in base 5?
3
Convert 133 (base 5) to base 13.
34
What is 11000 (base 2) in base 4?
120
Convert -361 (base 7) to base 13.
-118
Convert 220 (base 3) to base 5.
44
Convert -112 (base 8) to base 16.
-4a
What is 3 (base 16) in base 10?
3
Convert -25 (base 9) to base 3.
-212
Convert 12 (base 15) to base 16.
11
c (base 16) to base 15
c
-11 (base 10) to base 14
-b
What is -2 (base 7) in base 13?
-2
Convert 0 (base 14) to base 16.
0
Convert 2 (base 15) to base 7.
2
What is 60 (base 12) in base 3?
2200
-6 (base 11) to base 5
-11
Convert 0 (base 13) to base 9.
0
-10 (base 11) to base 4
-23
Convert 7 (base 10) to base 6.
11
What is -f (base 16) in base 2?
-1111
Convert 0 (base 12) to base 3.
0
Convert -12 (base 12) to base 11.
-13
204 (base 9) to base 15
b1
-20 (base 3) to base 5
-11
2 (base 9) to base 15
2
10 (base 6) to base 8
6
40 (base 8) to base 12
28
312 (base 4) to base 2
110110
What is 110 (base 2) in base 7?
6
Convert -31 (base 12) to base 4.
-211
Convert -201 (base 6) to base 5.
-243
Convert 22 (base 5) to base 16.
c
Convert 53 (base 13) to base 4.
1010
Convert 5b (base 14) to base 7.
144
Convert -65 (base 9) to base 13.
-47
-6 (base 15) to base 14
-6
0 (base 7) to base 16
0
Convert 2 (base 7) to base 2.
10
What is -5 (base 12) in base 9?
-5
Convert 111 (base 5) to base 8.
37
Convert 1000101 (base 2) to base 14.
4d
-33 (base 11) to base 9
-40
49 (base 16) to base 15
4d
Convert 22 (base 5) to base 7.
15
-100 (base 2) to base 7
-4
What is 5 (base 14) in base 15?
5
What is -9 (base 10) in base 11?
-9
What is -27 (base 9) in base 4?
-121
What is 5 (base 16) in base 12?
5
Convert -217 (base 8) to base 7.
-263
What is 1 (base 16) in base 9?
1
10 (base 16) to base 9
17
10 (base 6) to base 11
6
Convert -5 (base 9) to base 5.
-10
What is 25 (base 15) in base 13?
29
106 (base 7) to base 5
210
Convert 11 (base 4) to base 9.
5
Convert 104 (base 11) to base 15.
85
What is c (base 14) in base 6?
20
-1225 (base 6) to base 12
-215
Convert 5 (base 9) to base 14.
5
-4 (base 5) to base 3
-11
What is 7 (base 15) in base 10?
7
-2 (base 5) to base 3
-2
Convert 13 (base 6) to base 13.
9
-1 (base 16) to base 10
-1
1321 (base 6) to base 7
661
Convert 5 (base 10) to base